{"id":20,"date":"2017-08-01T18:26:41","date_gmt":"2017-08-01T18:26:41","guid":{"rendered":"http:\/\/palenquerobledal.com\/web\/?page_id=20"},"modified":"2017-09-12T14:03:46","modified_gmt":"2017-09-12T14:03:46","slug":"seguridad-vial","status":"publish","type":"page","link":"http:\/\/palenquerobledal.com\/web\/seguridad-vial\/","title":{"rendered":"Seguridad Vial"},"content":{"rendered":"<div class=\"panel-grid\" id=\"pg-20-0\" ><div class=\"panel-grid-core\"><div class=\"panel-grid-cell\" id=\"pgc-20-0-0\" ><div class=\"panel-widget-style\" ><div style=\"padding: 100px 0;\"><\/div><\/div><\/div><\/div><\/div><div class=\"panel-grid\" id=\"pg-20-1\" ><div class=\"panel-grid-core\"><div class=\"panel-grid-cell\" id=\"pgc-20-1-0\" ><div class=\"panel-widget-style\" ><h1><strong>USO DEL CINTUR\u00d3N DE SEGURIDAD<\/strong><\/h1><p><img class=\"size-medium wp-image-122 alignright\" src=\"http:\/\/palenquerobledal.com\/web\/wp-content\/uploads\/2017\/08\/CINTURON-300x200.png\" alt=\"\" width=\"300\" height=\"200\" \/>Conducciones Palenque Robledal S.A. trabaja en la concientizaci\u00f3n de su personal conductor para a que haga uso de este implemento de seguridad tan importante para la vida de quien opera un veh\u00edculo que por su gran tama\u00f1o y sobre toda en la condiciones topogr\u00e1ficas como clim\u00e1ticas a las cuales a diario tienen que someterse nuestros empleados sabemos que el\u00a0cintur\u00f3n de seguridad \u00a0tiene como funci\u00f3n principal sujetar y mantener al operador del veh\u00edculo en su sitio, as\u00ed como minimizar las heridas en caso de colisi\u00f3n, evitar que la persona salga despedida del veh\u00edculo, que se golpee con elementos duros del interior y se desplace dentro del veh\u00edculo. Siempre por medios f\u00edsicos y capacitaci\u00f3n en <strong>SEGURIDAD VIAL<\/strong> se les recuerda que el cintur\u00f3n de seguridad es un\u00a0seguro de vida, para que no olviden llevarlo siempre abrochado y as\u00ed\u00a0<a href=\"http:\/\/motor.uncomo.com\/articulo\/como-conducir-de-forma-segura-18754.html\">conducir de una forma m\u00e1s segura<\/a>.<\/p><p><strong>SENSIBILIZACI\u00d3N<\/strong><\/p><p>No importa si vas a hacer un trayecto de corta, media o larga distancia, urbano, por autopista, etc. es obligatorio\u00a0llevar siempre puesto el cintur\u00f3n de seguridad\u00a0ya que la mayor\u00eda de accidentes de tr\u00e1fico que ocurren son impredecibles y no sabes si vas a encontrarte en esa situaci\u00f3n en cualquier momento.<\/p><p>\u00a0<\/p><\/div><div class=\"panel-widget-style\" ><div class=\"divider\"><\/div><\/div><div class=\"panel-widget-style\" ><h1>POL\u00cdTICA DE NO USO DE EQUIPOS DE COMUNICACI\u00d3N M\u00d3VILES MIENTRAS SE CONDUCE<\/h1><p><img class=\"alignright wp-image-123 size-medium\" src=\"http:\/\/palenquerobledal.com\/web\/wp-content\/uploads\/2017\/08\/CELULAR-300x200.png\" alt=\"\" width=\"300\" height=\"200\" \/>La empresa como una de sus metas est\u00e1 trabajando en erradicar completamente el uso de estos dispositivos que atentan con las buenas pr\u00e1cticas de manejo. Sabemos que el uso del tel\u00e9fono celular hace que el conductor desv\u00ede la mirada de la carretera, quite las manos del volante y aparte su mente de la carretera y de la situaci\u00f3n existente. Es precisamente ese tipo de distracci\u00f3n, conocida como distracci\u00f3n cognitiva, la que tiene mayores consecuencias en el comportamiento del conductor. cada vez los indicadores de accidentalidad nos muestra que las distracciones provocadas por el tel\u00e9fono celular pueden afectar la actuaci\u00f3n del conductor de distintas maneras, como por ejemplo, aumentando el tiempo de reacci\u00f3n (<strong>sobre todo el tiempo de reacci\u00f3n de frenada y la reacci\u00f3n ante las se\u00f1ales de tr\u00e1fico<\/strong>), entorpeciendo su capacidad para mantenerse en el carril adecuado, haciendo que acorte la distancia de seguridad y, en t\u00e9rminos generales, reduciendo su percepci\u00f3n de la situaci\u00f3n de la carretera. El uso del tel\u00e9fono celular para enviar mensajes de texto mientras se est\u00e1 conduciendo puede tener efectos perjudiciales en el comportamiento del conductor. El env\u00edo de mensajes de texto suele ser una forma de comunicaci\u00f3n barata y es probable que el aumento del uso de esos servicios y de mensajer\u00eda instant\u00e1nea entre los conductores lo convierta en un importante problema de seguridad vial. Los conductores j\u00f3venes suelen utilizar el tel\u00e9fono celular cuando conducen con mayor frecuencia que los conductores de mayor edad y son muy vulnerables a los efectos de la distracci\u00f3n, dada su poca experiencia al volante, por esto se trabaja fuertemente en campa\u00f1as y sanciones pedag\u00f3gicas para que el entendimiento de la norma se algo educativo y no de restricci\u00f3n.\u00a0<\/p><\/div><div class=\"panel-widget-style\" ><div class=\"divider\"><\/div><\/div><div class=\"panel-widget-style\" ><h1>POL\u00cdTICA DE VELOCIDAD<\/h1><p><img class=\"size-medium wp-image-124 alignright\" src=\"http:\/\/palenquerobledal.com\/web\/wp-content\/uploads\/2017\/08\/VELOCI-300x200.png\" alt=\"\" width=\"300\" height=\"200\" \/>En Conducciones Palenque Robledal S.A. estamos conscientes de que una de las principales causas de los accidentes de tr\u00e1nsito es el exceso de velocidad, y que este factor posee un alto potencial de ocasionar graves p\u00e9rdidas a sus trabajadores, a sus familias, como da\u00f1os a la empresa y a la sociedad, a trav\u00e9s del presente manifiesta su intenci\u00f3n de considerar dicho elemento como un factor cr\u00edtico de su proceso productivo de transporte.<\/p><p>Por lo anteriormente se\u00f1alado, se hace presente que la velocidad m\u00e1xima permitida para los veh\u00edculos de la empresa BUS,BUSETA Y MICROBUS es de 60 Kil\u00f3metros por Hora, y en otras a\u00e9reas o lugares deber\u00e1 ser menor y ser\u00e1 la estipulada por el organismo de transito correspondiente al lugar donde la empresa es actor activo.<\/p><p>La velocidad tiene impactos muy significativos sobre el medioambiente dado que el nivel de emisi\u00f3n de gases nocivos (fundamentalmente mon\u00f3xido de carbono, \u00f3xidos de nitr\u00f3geno, hidrocarbonos y material particulado), el consumo de combustible y el ruido emitido por los veh\u00edculos est\u00e1n directamente relacionados con la velocidad, tambi\u00e9n sabemos que la velocidad tiene un impacto muy importante en la calidad de vida de las zonas urbanas, donde los veh\u00edculos pueden interferir en la calidad de vida de los residentes y tener un impacto muy negativo sobre la seguridad de peatones, ciclistas y otros usuarios vulnerables de las v\u00edas.<\/p><p>Asegurar el cumplimiento de estas disposiciones es el reto que tenemos en nuestra organizaci\u00f3n, por esto se establecer\u00e1n los controles necesarios para garantizar que sus conductores den cumplimiento a la normativa vigente respecto de la velocidad.<\/p><p>Lo mencionado en esta pol\u00edtica se controlar\u00e1 permanentemente, con el objeto de contribuir a la seguridad de nuestro personal y a su bienestar familiar, como a la seguridad de nuestro proceso, de su entorno y la comunidad.<\/p><\/div><div class=\"panel-widget-style\" ><div class=\"divider\"><\/div><\/div><div class=\"panel-widget-style\" ><h1>POL\u00cdTICA DE SEGURIDAD VIAL DE CONDUCCIONES PALENQUE ROBLEDAL<\/h1><p><img class=\"size-medium wp-image-125 alignright\" src=\"http:\/\/palenquerobledal.com\/web\/wp-content\/uploads\/2017\/08\/SEGURIDAD-1-300x200.png\" alt=\"Seguridad vial\" width=\"300\" height=\"200\" \/>La Empresa Conducciones Palenque Robledal S.A, su representante legal, <strong>Beatriz E. Vel\u00e1squez Uribe<\/strong> y el personal de trabajadores, se comprometen a establecer actividades de prevenci\u00f3n de accidentes de tr\u00e1nsito, as\u00ed como de la divulgaci\u00f3n y desarrollo de nuestro Plan Estrat\u00e9gico de Seguridad Vial.\u00a0<\/p><p>Todos los integrantes de Conducciones Palenque Robledal S.A, somos responsables de participar de las actividades realizadas con el fin de disminuir la probabilidad de ocurrencia de accidentes de tr\u00e1nsito y de afectaci\u00f3n a los dem\u00e1s actores en las v\u00edas que puedan generar, lesiones f\u00edsicas, mentales y sociales a los trabajadores, a la comunidad en general y al medio ambiente.<\/p><p>Por ende la empresa Conducciones Palenque Robledal S.A., se compromete a aplicar los par\u00e1metros descritos en el C\u00f3digo Nacional de Tr\u00e1nsito Terrestre, seg\u00fan ley 769 de 2002, Ley 1383, Ley 1503. Igualmente es compromiso de todos los que conformamos Conducciones Palenque Robledal S.A., realizar y vigilar que se realice mantenimiento preventivo y correctivo de los veh\u00edculos seg\u00fan la\u00a0 resoluci\u00f3n 315 de 2013, realizar y participar de las capacitaciones peri\u00f3dicas realizadas al personal en temas de manejo defensivo, normas de seguridad vial y riesgo p\u00fablico.\u00a0La gerencia destinar\u00e1 los recursos financieros, t\u00e9cnicos y talento humano necesario para dar cumplimiento a la pol\u00edtica<\/p><\/div><\/div><\/div><\/div>","protected":false},"excerpt":{"rendered":"<p>USO DEL CINTUR\u00d3N DE SEGURIDADConducciones Palenque Robledal S.A. trabaja en la concientizaci\u00f3n de su personal conductor para a que haga uso de este implemento de seguridad tan importante para la vida de quien opera un veh\u00edculo que por su gran tama\u00f1o y sobre toda en la condiciones topogr\u00e1ficas como clim\u00e1ticas a las cuales a diario&hellip;<\/p>\n<p class=\"more-link\"><a href=\"http:\/\/palenquerobledal.com\/web\/seguridad-vial\/\" class=\"themebutton2\">Read More<\/a><\/p>\n","protected":false},"author":1,"featured_media":0,"parent":0,"menu_order":0,"comment_status":"closed","ping_status":"closed","template":"template-parallax.php","meta":[],"categories":[],"tags":[],"_links":{"self":[{"href":"http:\/\/palenquerobledal.com\/web\/wp-json\/wp\/v2\/pages\/20"}],"collection":[{"href":"http:\/\/palenquerobledal.com\/web\/wp-json\/wp\/v2\/pages"}],"about":[{"href":"http:\/\/palenquerobledal.com\/web\/wp-json\/wp\/v2\/types\/page"}],"author":[{"embeddable":true,"href":"http:\/\/palenquerobledal.com\/web\/wp-json\/wp\/v2\/users\/1"}],"replies":[{"embeddable":true,"href":"http:\/\/palenquerobledal.com\/web\/wp-json\/wp\/v2\/comments?post=20"}],"version-history":[{"count":2,"href":"http:\/\/palenquerobledal.com\/web\/wp-json\/wp\/v2\/pages\/20\/revisions"}],"predecessor-version":[{"id":130,"href":"http:\/\/palenquerobledal.com\/web\/wp-json\/wp\/v2\/pages\/20\/revisions\/130"}],"wp:attachment":[{"href":"http:\/\/palenquerobledal.com\/web\/wp-json\/wp\/v2\/media?parent=20"}],"wp:term":[{"taxonomy":"category","embeddable":true,"href":"http:\/\/palenquerobledal.com\/web\/wp-json\/wp\/v2\/categories?post=20"},{"taxonomy":"post_tag","embeddable":true,"href":"http:\/\/palenquerobledal.com\/web\/wp-json\/wp\/v2\/tags?post=20"}],"curies":[{"name":"wp","href":"https:\/\/api.w.org\/{rel}","templated":true}]}}